rt 0 (base 5) to base 10.
0
Convert -13 (base 14) to base 11.
-16
-96 (base 16) to base 8
-226
1 (base 12) to base 4
1
What is -12 (base 4) in base 14?
-6
What is -4 (base 16) in base 12?
-4
-5 (base 10) to base 14
-5
-87 (base 15) to base 8
-177
What is 23 (base 4) in base 5?
21
What is -11 (base 4) in base 13?
-5
What is 10101 (base 2) in base 16?
15
What is e (base 15) in base 13?
11
What is -33 (base 8) in base 6?
-43
-a (base 13) to base 15
-a
What is -2c (base 16) in base 14?
-32
What is 212 (base 8) in base 2?
10001010
Convert -8 (base 13) to base 3.
-22
20100 (base 3) to base 16
ab
What is 5 (base 8) in base 13?
5
Convert 12211 (base 3) to base 13.
c1
32 (base 15) to base 5
142
Convert -1d (base 15) to base 4.
-130
What is -4 (base 14) in base 16?
-4
What is -6 (base 15) in base 13?
-6
Convert 0 (base 7) to base 14.
0
What is -2 (base 5) in base 2?
-10
Convert -21 (base 11) to base 8.
-27
What is -403 (base 5) in base 8?
-147
What is -135 (base 8) in base 6?
-233
What is 3 (base 5) in base 9?
3
What is -6 (base 7) in base 16?
-6
What is 0 (base 14) in base 7?
0
What is -2303 (base 4) in base 5?
-1204
133 (base 5) to base 9
47
55 (base 15) to base 13
62
124 (base 9) to base 12
87
Convert -1 (base 3) to base 12.
-1
-1 (base 13) to base 5
-1
6 (base 9) to base 4
12
What is 7 (base 11) in base 13?
7
Convert -3 (base 11) to base 16.
-3
-aa (base 15) to base 10
-160
-74 (base 15) to base 5
-414
What is -a (base 12) in base 6?
-14
Convert -8 (base 14) to base 3.
-22
What is 6 (base 10) in base 2?
110
Convert -1a9 (base 12) to base 16.
-111
-26 (base 11) to base 4
-130
-2 (base 14) to base 2
-10
What is 1320 (base 4) in base 12?
a0
Convert 1 (base 16) to base 4.
1
332 (base 4) to base 9
68
What is -1 (base 16) in base 7?
-1
What is -43 (base 14) in base 11?
-54
Convert 1010 (base 2) to base 16.
a
-28 (base 12) to base 3
-1012
Convert 1 (base 12) to base 11.
1
What is -2d (base 15) in base 11?
-3a
What is 11 (base 3) in base 8?
4
What is -3 (base 6) in base 15?
-3
2 (base 13) to base 12
2
Convert 11 (base 6) to base 4.
13
What is -75 (base 8) in base 11?
-56
Convert -10 (base 4) to base 16.
-4
0 (base 9) to base 12
0
Convert 3 (base 13) to base 5.
3
What is 34 (base 9) in base 16?
1f
1111101 (base 2) to base 12
a5
2 (base 14) to base 3
2
14e (base 16) to base 14
19c
Convert 0 (base 14) to base 4.
0
70 (base 10) to base 16
46
-8 (base 11) to base 4
-20
What is 1 (base 12) in base 4?
1
Convert -12 (base 5) to base 13.
-7
What is 30 (base 7) in base 15?
16
What is -1 (base 4) in base 16?
-1
What is 5 (base 11) in base 10?
5
What is -1100 (base 2) in base 14?
-c
-52 (base 15) to base 3
-2212
Convert 4 (base 11) to base 14.
4
Convert 1 (base 15) to base 7.
1
16 (base 8) to base 2
1110
Convert -3 (base 15) to base 13.
-3
Convert -b8 (base 16) to base 13.
-112
Convert 2 (base 4) to base 6.
2
1102 (base 4) to base 6
214
Convert -64 (base 12) to base 8.
-114
What is 10 (base 9) in base 7?
12
Convert -4 (base 7) to base 11.
-4
What is -5 (base 10) in base 13?
-5
What is -5 (base 10) in base 6?
-5
What is 121 (base 3) in base 7?
22
48 (base 11) to base 15
37
What is -37 (base 15) in base 5?
-202
Convert -13 (base 5) to base 8.
-10
What is 2 (base 9) in base 4?
2
-110 (base 10) to base 4
-1232
1a (base 11) to base 7
30
What is -88 (base 14) in base 13?
-93
-92 (base 11) to base 16
-65
What is 10 (base 5) in base 10?
5
What is 4 (base 5) in base 14?
4
What is 11110 (base 2) in base 6?
50
-b (base 13) to base 7
-14
What is 1 (base 12) in base 2?
1
78 (base 10) to base 5
303
Convert 0 (base 2) to base 7.
0
-1 (base 14) to base 11
-1
Convert -f (base 16) to base 2.
-1111
-101 (base 2) to base 11
-5
11 (base 4) to base 10
5
3 (base 15) to base 14
3
Convert -10 (base 3) to base 5.
-3
0 (base 10) to base 15
0
100120 (base 3) to base 14
146
5 (base 12) to base 9
5
What is 4 (base 15) in base 8?
4
Convert 13 (base 10) to base 6.
21
What is 404 (base 7) in base 4?
3020
What is -1c (base 13) in base 9?
-27
Convert 12 (base 5) to base 14.
7
-3d (base 16) to base 5
-221
-1 (base 5) to base 11
-1
-10 (base 10) to base 2
-1010
Convert 141 (base 5) to base 16.
2e
-1 (base 4) to base 2
-1
Convert 31 (base 9) to base 8.
34
What is -88 (base 12) in base 2?
-1101000
Convert 10 (base 8) to base 11.
8
Convert -1 (base 7) to base 6.
-1
Convert -11 (base 16) to base 11.
-16
What is 72 (base 8) in base 3?
2011
-55 (base 7) to base 3
-1111
What is -12 (base 8) in base 10?
-10
Convert -67 (base 15) to base 13.
-76
What is 4 (base 9) in base 8?
4
Convert -2 (base 7) to base 13.
-2
-6b (base 12) to base 2
-1010011
-11 (base 13) to base 6
-22
1110 (base 2) to base 14
10
-b (base 16) to base 13
-b
6 (base 14) to base 16
6
What is 202 (base 3) in base 15?
15
What is -114 (base 7) in base 15?
-40
What is -2 (base 8) in base 9?
-2
7 (base 10) to base 11
7
-21 (base 12) to base 5
-100
20 (base 7) to base 13
11
68 (base 9) to base 13
4a
-4 (base 9) to base 7
-4
-30 (base 7) to base 9
-23
Convert -1001 (base 3) to base 12.
-24
What is -122 (base 16) in base 2?
-100100010
4 (base 13) to base 5
4
Convert 2 (base 9) to base 6.
2
-9 (base 12) to base 7
-12
Convert -10010011 (base 2) to base 15.
-9c
Convert 7 (base 10) to base 6.
11
What is 59 (base 16) in base 6?
225
What is 143 (base 7) in base 6?
212
What is 2022 (base 3) in base 6?
142
Convert -8 (base 12) to base 6.
-12
What is -101 (base 2) in base 8?
-5
What is 52 (base 14) in base 5?
242
Convert -10101100 (base 2) to base 14.
-c4
Convert 2 (base 11) to base 5.
2
Convert 546 (base 7) to base 5.
2104
Convert -4 (base 6) to base 14.
-4
1 (base 9) to base 5
1
-3e (base 16) to base 4
-332
Convert -76 (base 9) to base 12.
-59
41 (base 14) to base 5
212
What is 2 (base 12) in base 10?
2
-2 (base 16) to base 14
-2
What is 133 (base 8) in base 13?
70
Convert 4 (base 7) to base 2.
100
Convert 18 (base 9) to base 15.
12
23 (base 15) to base 5
113
-88 (base 13) to base 2
-1110000
44 (base 12) to base 8
64
13 (base 14) to base 13
14
Convert -3 (base 8) to base 16.
-3
What is 0 (base 8) in base 12?
0
-101 (base 2) to base 5
-10
What is -4 (base 6) in base 10?
-4
Convert -145 (base 9) to base 4.
-1322
14 (base 12) to base 15
11
What is 13 (base 16) in base 12?
17
111 (base 4) to base 11
1a
Convert -32 (base 4) to base 14.
-10
What is 34 (base 6) in base 4?
112
What is 134 (base 13) in base 7?
422
107 (base 11) to base 10
128
Convert -96 (base 12) to base 4.
-1302
What is -11 (base 9) in base 13?
-a
Convert 13 (base 7) to base 5.
20
-2 (base 12) to base 9
-2
Convert -2 (base 14) to base 16.
-2
What is 7 (base 14) in base 10?
7
Convert -8 (base 13) to base 2.
-1000
What is -20 (base 3) in base 9?
-6
4 (base 11) to base 12
4
What is -181 (base 14) in base 15?
-159
What is 0 (base 11) in base 12?
0
Convert -1101011 (base 2) to base 11.
-98
What is 23 (base 13) in base 7?
41
Convert 65 (base 7) to base 11.
43
What is -10 (base 12) in base 11?
-11
Convert 6e (base 16) to base 7.
215
3 (base 7) to base 4
3
-345 (base 7) to base 8
-264
-12 (base 5) to base 10
-7
Convert -663 (base 7) to base 2.
-101010011
Convert -1 (base 12) to base 6.
-1
Convert 5 (base 13) to base 9.
5
Convert 4 (base 8) to base 6.
4
What is -6 (base 14) in base 6?
-10
130 (base 15) to base 13
17a
-3 (base 5) to base 10
-3
What is 3 (base 9) in base 3?
10
Convert -15 (base 11) to base 6.
-24
-4 (base 8) to base 10
-4
Convert 0 (base 14) to base 13.
0
What is 13 (base 5) in base 7?
11
-12 (base 5) to base 6
-11
Convert -110011 (base 2) to base 3.
-1220
a (base 11) to base 15
a
-10011011 (base 2) to base 14
-b1
Convert -2 (base 12) to base 15.
-2
Convert -105 (base 7) to base 16.
-36
What is -12 (base 4) in base 14?
-6
Convert -101111 (base 2) to base 7.
-65
Convert -4 (base 16) to base 15.
-4
Convert -3 (base 5) to base 12.
-3
-102 (base 9) to base 3
-10002
What is 2 (base 13) in base 12?
2
-5 (base 11) to base 14
-5
11121 (base 3) to base 9
147
What is -50 (base 11) in base 14?
-3d
-124 (base 8) to base 5
-314
Convert 26 (base 14) to base 12.
2a
Convert -12 (base 4) to base 2.
-110
1000100 (base 2) to base 5
233
What is 10 (base 6) in base 13?
6
26 (base 15) to base 8
44
What is -10 (base 3) in base 16?
-3
9 (base 16) to base 10
9
322 (base 8) to base 12
156
Convert -a (base 11) to base 